e thousands digit of q?
5
Let l(z) = 2*z - 11. Let d be l(7). Suppose h + 0*y - 3*y = 23, d*h + 4*y - 4 = 0. Let p = 94 + h. What is the units digit of p?
2
Let n = -12442 - -39158. What is the thousands digit of n?
6
Suppose -3*j = j. Let w be (7*(-6)/(-21))/(1/4). What is the units digit of (3 - 4)*(j - (-1 + w))?
7
Let d(k) = 12*k - 24. Let m be d(5). Let x be m/9 - (-1 + 1). Suppose x*i - 548 = -4*j, 4*j + 0*j - i = 573. What is the tens digit of j?
4
What is the tens digit of (319310/(-5))/((-92)/46)?
3
Let a(w) = 2*w**3 + 222*w**2 + 190*w + 334. What is the hundreds digit of a(-110)?
6
Let v = 259 - 272. Let d = v - -380. What is the tens digit of d?
6
Let d(r) = 20*r + 18. Suppose 44*x + 2 = 45*x. Suppose 0 = f + y - x - 0, -4*y - 12 = -f. What is the units digit of d(f)?
8
Suppose 6*m + k = 3*m - 59, -m - 13 = 2*k. Let o = m + 90. Suppose 4*f - g = 297, -2*f + o + 69 = -4*g. What is the tens digit of f?
7
Suppose -v + 2 = 0, 84*v - 166 = -5*d + 81*v. What is the units digit of d?
2
Let z = 43261 - 7799. What is the hundreds digit of z?
4
Suppose -2*s + 92 = 4*c, -s + 5*c = -1 - 10. Let k be ((-12)/9 + 2)/(1/s). What is the units digit of (-280)/(-16)*k/10?
2
Let s(o) = 1 + 13*o - 19*o + 35 - 22*o. What is the hundreds digit of s(-5)?
1
Let f(b) = -b**2 + 12*b + 5. Let g(t) = -t - 2. Let z(h) = -f(h) + 6*g(h). What is the units digit of z(-11)?
2
Let d(h) = 708*h**2 + 493*h - 1475. What is the hundreds digit of d(3)?
3
Let g be 2/(-5) - (-4 + 92/20). What is the units digit of -3*g/9*15048/24?
9
What is the thousands digit of (-2*40372/(-12)*-3)/(-30 - -29)?
0
Let w be (1 - 2)*2999*-1. Suppose -6*x - w = -11*x + n, -605 = -x - 5*n. Suppose 4*q = -4*a + 3*q + x, 2*q = -2*a + 300. What is the units digit of a?
0
Let x(q) = 7*q**2 - 10*q - 50. Let f be x(-8). What is the hundreds digit of (f/3)/(0 - (-3)/9)?
4
Let c(z) = 2*z**2 + 5*z + 188. Let g = -521 + 504. What is the tens digit of c(g)?
8
Let z = 2407 + 7895. What is the hundreds digit of z?
3
Suppose -75*x = -1389531 - 1634169. What is the thousands digit of x?
0
Suppose -3*c - 35 = 4*p, 5*c - 15 = -0*c. Let x(y) = 2*y**2 + 9*y + 8. What is the hundreds digit of x(p)?
1
Let o(d) = -d**3 + 13*d**2 - 14*d + 31. Suppose 0 = -17*z + 181 - 28. What is the units digit of o(z)?
9
Let u = -140 - -3941. What is the hundreds digit of u?
8
Let b(s) = s**3 - 28*s**2 + 42*s + 344. What is the tens digit of b(30)?
0
Let k(f) = -2*f. Let x be k(-2). Suppose -m + 7 = -4*q, -4*m = q - 7 - x. Let r = 61 - m. What is the tens digit of r?
5
Let h(p) = -2*p**3 + 2*p**2 - 1. Let v be h(-1). Suppose -v*a + 4*q + 6 = 0, 5*a + q - 18 = 15. Suppose 0 = -r + a*r - 5. What is the units digit of r?
1
Suppose -10354 - 461 = -7*k. Suppose -11477 - k = -34*l. What is the tens digit of l?
8
What is the units digit of 54050 + -11*(1 - (-7 + 9))?
1
Suppose 11*z - 6*z - 1780 = 0. Let y = z - 235. Let f = 235 - y. What is the tens digit of f?
1
Let p = 52 - -383. Suppose -421 = u - p. What is the units digit of u?
4
Suppose -196281 = -113*m + 149021 - 122353. What is the thousands digit of m?
1
Let k(y) = 4*y**2 + 2*y - 6. Suppose -11*p = -83 + 61. What is the tens digit of k(p)?
1
Suppose -4*w + 4 + 6 = 2*j, 3*w + 2*j = 8. Let r be 1/(2/(-222)) + w. Let c = 164 + r. What is the tens digit of c?
5
Let p be (172/6 + -2)/(0 - (-16)/408). Let g be (-1)/2*(1 + -1). Suppose g = -12*n + 16*n - p. What is the hundreds digit of n?
1
Let r = 133095 - 62294. What is the units digit of r?
1
Suppose -17*v = -25*v + 18048. Suppose v = 4*s - s. Suppose 11*c = 3*c + s. What is the units digit of c?
4
Let h(t) = 1344*t - 5898. What is the hundreds digit of h(12)?
2
Suppose -4993 = -8*k + 1167. Let g = -658 + k. What is the tens digit of g?
1
Let w be (-4)/(-12) + 73/(-3). Let t(p) be the second derivative of -p**5/20 - 2*p**4 - p**3 + 51*p**2/2 + 111*p - 1. What is the hundreds digit of t(w)?
1
Suppose -287 - 766 = 9*p. Let s = p + 155. Suppose -43*h + 1245 = -s*h. What is the units digit of h?
9
Let f = -110 - -115. What is the tens digit of f*(265/25 - 4)?
3
Let z = 15214 + -4640. What is the units digit of z?
4
Let j(g) = 34*g - 14. Let o be j(15). Suppose 9*p - 13*p = -o. Let d = -51 + p. What is the tens digit of d?
7
Suppose 0 = -54*j + 68 + 472. Suppose 2*c = y - 5, -3*y - 2*c + 17 = 2. Suppose j*f = y*f + 650. What is the tens digit of f?
3
Suppose 61*q - 68*q + 35 = 0. Suppose 0 = q*p - 5*t - 980, 7*t + 609 = 3*p + 11*t. What is the hundreds digit of p?
1
Suppose -409*w + 84*w = -19337825. What is the units digit of w?
1
What is the tens digit of (-1)/2*(-1275420)/87?
3
Suppose 380*b - 187*b = 178*b + 658170. What is the units digit of b?
8
Suppose -3*s - s = -v - 36, -2*s = -4*v - 18. Suppose r + 0 - s = 0. Let h = 49 + r. What is the tens digit of h?
5
Let k(z) = 4*z**2 + 6*z + 49. What is the units digit of k(-21)?
7
Suppose -5*u = -3*v + 47345, 0 = -4*v - 5*u + 25960 + 37155. What is the thousands digit of v?
5
Let h = -4 + 1. Suppose 5*t = 854*w - 857*w + 28, -36 = -3*t - 5*w. What is the units digit of t/(-4)*(-7 - h)?
2
Suppose -100*c + 94079 + 227221 = 0. What is the thousands digit of c?
3
Let j(i) = -23*i - 16. Let m(g) = -g**3 - g. Let l(x) = x**3 + 12*x**2 + 2*x - 3. Let r(c) = l(c) + 2*m(c). Let y be r(12). What is the units digit of j(y)?
3
Let v(i) = 43 + 55 + 88*i - 145. What is the hundreds digit of v(11)?
9
Let p(v) = -v**3 - 6*v**2. Let d be 0 - -9*(4/3 - 2). Let j be p(d). Let h(g) = g + 149. What is the units digit of h(j)?
9
Suppose 0 = 3*f + 108 - 888. Let t = f + -157. What is the tens digit of t?
0
Let g be 0*((9 - 8) + (-2)/1). Suppose 6*p + 24 = -g*p. What is the tens digit of (102/p)/(6/(-8))?
3
Suppose z - 2*h = -4*h + 4, 2*z + 3*h = 6. Let s be (-1 - -6) + 7 + (-9 - z). Suppose s*w - 243 = 186. What is the hundreds digit of w?
1
Suppose -3475811 - 1494853 = -186*w. What is the ten thousands digit of w?
2
Suppose 78194 + 26152 = 6*b. Suppose 40*a - 9*a - b = 0. What is the tens digit of a?
6
Suppose 0 = -15*h - 2*h + 278460. Suppose 205*v = 196*v + h. What is the units digit of v?
0
Suppose 2*k - 14050 = -5*n, -10*k - 2*n + 21031 = -7*k. What is the units digit of k?
5
Suppose -p + 2*t + 2*t = -1470, p + t - 1465 = 0. Suppose -6098 = -24*y - p. What is the tens digit of y?
9
Suppose a - 4794 - 166 = -w, 5*w + a = 24816. What is the units digit of w?
4
Let c be -1 + 11 + 3/(-9)*0. Let j be (-2)/c + (-16523)/(-65). Let d = 399 - j. What is the tens digit of d?
4
Suppose -5*g + 170140 = -5*y, 40*g - 5*y - 34004 = 39*g. What is the ten thousands digit of g?
3
Let u = 11444 + 320. What is the thousands digit of u?
1
Let w = 43 + -43. Suppose w = 3*m + 6*m - 936. Suppose l - m = -l - c, 0 = -2*l + 3*c + 104. What is the units digit of l?
2
Let s = -350 - -352. Suppose -493 = -s*t + 573. What is the units digit of t?
3
Let s = -114 - -113. Let x = 15 - s. Let o(d) = d**3 - 19*d**2 + 49*d + 2. What is the units digit of o(x)?
8
Let f = 128468 - 75579. What is the tens digit of f?
8
Suppose -3*w = -3*x - 20229, 5*w - 2*x - 5871 = 27853. What is the tens digit of w?
4
Let z(m) be the first derivative of 4*m**3/3 - 3*m**2/2 + 34*m + 77. What is the tens digit of z(-12)?
4
Let t be -3 + (-3)/(-1) - -5. Suppose t*s = 22 - 2. What is the tens digit of s*((-170)/(-4))/5?
3
Let o(i) = -i**2 + 103*i + 1859. Let v be o(118). Suppose 110 = -3*a + 2*l, -3*a = l + 2*l + 105. Let w = a + v. What is the tens digit of w?
5
What is the thousands digit of 1914/(2 - -16*(-8)/72)?
8
Let n(g) = 25*g**3 - 13*g**2 + 2*g + 11. What is the hundreds digit of n(7)?
9
Suppose 3*t = -v - 0*t, 4 = -v - 5*t. Suppose 6 = 2*j - v. Suppose -j*w + 328 = -902. What is the hundreds digit of w?
2
Let n(b) be the first derivative of 4*b**3/3 - 7*b**2 - 9*b - 143. What is the tens digit of n(-15)?
0
Let l(r) = r**2 + 3*r + 764. Let k be l(0). Let v = -415 + k. What is the tens digit of v?
4
Let c be (-36492700)/(-949) - (-2)/13. Suppose -42*w + 68*w - c = 0. What is the units digit of w?
9
Let l(a) = a**3 - 6*a**2 + 16*a - 32. Let u be l(4). Suppose -r = q - 508, -3*q - r - 109 + 1637 = u. What is the units digit of q?
0
Let y be 898 - (-7)/28*-20. Suppose -5*t = -y - 22. What is the hundreds digit of t?
1
Let z be -2559*(-4)/18*(-21)/(-14)